(-2). Let x = r + -26. Let q(w) = 2*w + 3. Calculate q(x).
-3
Let z(v) = 2*v - 9. Let w = -19 - -12. Let g(f) = -f**2 - 10*f - 13. Let d be g(w). Calculate z(d).
7
Let a(g) be the first derivative of 23*g**5/60 - g**4/24 + 21*g**2/2 + 4. Let x(d) be the second derivative of a(d). Determine x(1).
22
Let h(j) = j**3 - 3*j**2 - 8*j + 23. Let r be h(3). Let w(c) = -7*c**2 - 1. Determine w(r).
-8
Let w(c) be the second derivative of c**4/6 - 2*c**3/3 + 3*c**2/2 - 48*c. Calculate w(2).
3
Let w be (1 - -1)*-1*2. Let d(m) = -43 + 5*m + 100 - 2*m**2 - 59 - m**3. Calculate d(w).
10
Let b be (150/10)/(2 + 1). Suppose -3*h - d = 1, -b*h + 3*h - 9 = -d. Let s(k) = k. Determine s(h).
-2
Let q(r) = 20*r**2 + 85*r + 11. Let m(d) = 7*d**2 + 30*d + 4. Let w(u) = 17*m(u) - 6*q(u). Give w(-2).
-2
Let c(z) = -5 - 2435*z**2 + 2434*z**2 + 2. Give c(-3).
-12
Let i(x) = x**2 - 2*x - 5. Suppose -182 = -3*o - b - 170, -3*o + 21 = -2*b. What is i(o)?
10
Let m(c) = -c**3 + c**2 + 3*c + 4. Let r = -16 + 18. Suppose 11 = k - r*n - 2, 4*n = -3*k - 11. Calculate m(k).
-5
Let w(m) be the first derivative of -m**2/2 + 7*m + 18. Give w(7).
0
Let o(w) = 9*w + 10. Let h(v) = 8*v + 7. Let s(l) = -6*h(l) + 5*o(l). Calculate s(6).
-10
Let v(a) = -a**3 - 12*a**2 - a - 6. Let s be (-31)/((-744)/16)*18/(-1). Calculate v(s).
6
Let m(s) = 0*s**3 - 2*s**3 + 4*s**3 - 2*s - 4*s**3 + 3*s**3 - 2*s**2. Determine m(4).
24
Let j(f) = f**3 + 7*f**2 + 4*f - 4. Suppose -8*k - 50 = 2*k. Calculate j(k).
26
Let z(m) be the first derivative of m**4/4 - 4*m**3/3 + m**2/2 - 2*m - 4. Let p be z(4). Let d(l) = 4*l**2 + 1 - l**3 + 7*l - 11*l + p*l - 2*l. Determine d(4).
-15
Let y(f) = -2*f**3 + 8*f**2 - f + 5. Let s be 0 - 2 - 1 - 1*-8. Let x(a) = -a**3 + 4*a**2 - a + 2. Let b(u) = s*x(u) - 3*y(u). What is b(4)?
-13
Let t be (-9)/(-3) - 1/1. Let l(r) = -13*r**2 + 12*r - 9. Let s(h) = 4*h**2 - 4*h + 3. Let c be (7/3)/((-20)/60). Let f(u) = c*s(u) - 2*l(u). Give f(t).
-3
Let l(s) = -s**2 + s + 2. Suppose d + 3*d = -d. Determine l(d).
2
Suppose 100*h = 95*h - 20. Let x(f) = f + 2. Determine x(h).
-2
Let h(c) be the third derivative of -c**6/15 + c**3/6 + 2*c**2. Let j(m) = m**3 + m**2 - 13. Let b be j(2). What is h(b)?
9
Let a(j) = -j**2 + 3*j**3 - 2*j**2 - 7*j**3. Let q(g) = -78*g - 860. Let i be q(-11). Calculate a(i).
20
Suppose -32 = -3*p + 2*p. Let c = -18 + p. Let z = c + -12. Let j(n) = -n**2 + 5*n - 3. Give j(z).
3
Let t(p) = p**3 - 5*p**2 + 2*p - 5. Let b(l) = l**3 - 12*l**2 + 12*l - 1. Let z be b(11). Suppose -z = -5*f + 15. Determine t(f).
5
Let c(r) = -7 + 6*r**3 - 3*r - 5*r**3 - 6*r**2 + r**2 - 4*r. Suppose -260 + 1 = -7*b. Let q = b - 31. Give c(q).
-13
Let l(t) = t**3 + 5*t**2 + 24*t + 86. Let u be l(-4). Let g(y) = -y**3 + 5*y**2 - y + 9. What is g(u)?
-33
Let g(j) = j**3 + j**2 - 2. Suppose -3*h = 25 - 16, 3*q = -7*h - 33. Give g(q).
-50
Let q(t) = 2*t**2 - 4*t**2 + 3*t**2 + 2*t**3 - t. Suppose 7 = 4*z - 4*r + 5*r, -4*z = 4*r - 16. What is q(z)?
2
Let w = -76 - -79. Let h(i) = -4*i + 0*i**w - 3*i**3 + 2 - 7*i**2 + i**3 + i**3. Give h(-6).
-10
Let u(v) = -63*v + 6*v**3 + 67*v + 0*v**3 - 5 - 7*v**3 + 6*v**2. What is u(7)?
-26
Let g(r) = r**2 + 4*r - 2. Let s(w) = w + 5. Let a be s(-3). Suppose j + 15 = -a*j. Determine g(j).
3
Let r(s) = -s**2 - 3*s - 5. Suppose 5*w + 4 = x, -5*x - 2*w - w + 48 = 0. Let z be (-2)/9 + 47/x. Suppose z*u - 27 = 5*y - 2*y, 4*u = 12. Determine r(y).
-9
Let m = -7 + 10. Let v(x) be the third derivative of -x**6/120 + x**5/20 + 161*x**2. Give v(m).
0
Let h(d) = 3 - 3 + 2*d. Let c = -1563 + 1560. Give h(c).
-6
Let n be (-4)/(8*((-792)/112 + 7)). Suppose 3*g - 3 = -2*r, g = -0*r + r + 1. Let q(y) = -g - 2 - 3 + 2*y. Give q(n).
8
Let r(f) = -5*f**2 - 11 + 21*f**2 - 5*f - f**2 - 14*f**2. Calculate r(8).
13
Let o(m) = -5*m**3 - 2*m**2 + 1. Suppose -2*r - 10 = 4*n, -2*n + 18*r - 22*r - 14 = 0. Determine o(n).
4
Let q(u) = -u**2 + 7*u - 3. Let y(j) = -j**2 + 9*j - 9. Let b be y(7). Let o be q(b). Let d = 5 - o. Let c(k) = 3*k**2 + 4*k + 2. Calculate c(d).
6
Let n(d) = -12*d - 11. Let h(y) = 7*y + 7. Let i(c) = 5*h(c) + 3*n(c). What is i(7)?
-5
Let n = 5 + -3. Suppose 2*l = 5 - 1. Let f(m) = m**2 + n - m - l. What is f(0)?
0
Let v(h) = -h**3 + 5*h**2 + 2*h + 1. Let j(z) = -4*z**2 - 3. Let l be j(-6). Let y be l/(-28) + (-3)/12. Calculate v(y).
11
Let t(g) be the first derivative of 16 - 7/2*g**2 + 0*g. Determine t(-1).
7
Let p be (1 + -3)*(-1)/(-2). Let m(x) = 18*x + 10*x + 1 + 3*x**2 - 26*x. What is m(p)?
2
Suppose 7*i = -4*y + 2*i + 31, 2*y = -4*i + 20. Let x(n) = -181*n**2 + 0 - y*n + 2 + 180*n**2. Determine x(-5).
-3
Let p(r) = 19*r**3 - r**2 + 1. Suppose -52 = -18*t + 5*t. Suppose 17*g - 21*g - t = 0. Give p(g).
-19
Let y(l) = l - 5. Let z be (-5)/2*54/(-45)*2. Determine y(z).
1
Let h(b) = -b - 8 + 3 + 6*b. Let p(m) = -m + 1. Let r(c) = h(c) + 2*p(c). Determine r(4).
9
Let c(o) = -5*o + 1. Let v be (325/50)/(2/8). Let n = v - 25. Calculate c(n).
-4
Let v(a) be the second derivative of 2*a**3/3 - a**2 - 9*a. Let j be v(2). Let z(c) = 2*c - 14. Let l be z(j). Let k(o) = 5*o + 3. Calculate k(l).
-7
Let r = -298 - -289. Let i(a) = -a**2 - 6*a + 12. Calculate i(r).
-15
Let c = 6 - 5. Suppose -2*r - 5*i + 46 = -r, -2*i - 11 = -r. Let g(v) = r*v + 1 + 5*v**2 - 21*v + 0. Give g(c).
6
Let a(s) = 5*s + 0*s - 6 - 16 + 46 + 57. Give a(-15).
6
Let o(m) = 18*m + 3. Let t(c) = -22*c - 3. Let w(d) = 7*o(d) + 6*t(d). Determine w(-4).
27
Let r be (-8 + 1)*(-12 - -11). Suppose 10 = 2*k + 2*i, 8 = 3*k + i - r. Let s(b) = -b**3 + 5*b**2 + b - 3. Determine s(k).
2
Let f(h) be the first derivative of 2/3*h**3 - 12*h - 1 + 5/4*h**4 - h**2. Let o(m) = -14*m**3 - 7*m**2 + 6*m + 35. Let z(w) = 11*f(w) + 4*o(w). Give z(-6).
-4
Let m(j) = -21*j**2 - 18*j**2 - 25*j**2 + 7 + 1 - 25*j + 66*j**2. What is m(12)?
-4
Let d(f) be the third derivative of 0*f - 1/60*f**5 + 1/2*f**3 + 0 + 1/6*f**4 + 18*f**2. Give d(6).
-9
Let t(v) = 2*v + v + 0*v - v**3 - v**2 + 1. Suppose -14 = -3*w - 2*l + 3, l + 9 = 2*w. Suppose 0 = 3*a + 1 + w. Determine t(a).
-1
Let j(t) = -t**3 - t**2 + t + 4. Let g(y) = -2*y**3 - 9*y**2 - 10*y - 3. Let r(f) = -g(f) + j(f). What is r(-7)?
-21
Let h = 112 - 111. Suppose l + 3*g - 5 = 0, -3*l - 3*g + 2*g = h. Let u(j) be the third derivative of -5*j**4/24 + j**2. What is u(l)?
5
Let b(p) = 7*p + 3. Let n(l) = -l**2 - 17*l + 17. Let q be n(-18). Determine b(q).
-4
Let s be (8/5)/(14/35). Let i(z) be the second derivative of -1/12*z**s - z**2 + 5*z - 2/3*z**3 + 0. Determine i(-3).
1
Let f(p) = 1 - p - 3 + 2*p. Let b = -1 + 1. Suppose b*s + 5 = -s. Calculate f(s).
-7
Let m be (-1 + 1)/((-66)/(-22)). Let u(p) = -p**2 + 5. Give u(m).
5
Let r(g) = -4*g**2 - 24*g - 50. Let x(j) = -j**2 - 9*j - 17. Let s(q) = -2*r(q) + 7*x(q). Give s(16).
-3
Let b(q) be the third derivative of q**4/6 - q**3/2 - 2*q**2. Suppose -5 + 29 = 4*c + 4*r, 0 = -4*c + r + 14. Suppose -7*z + c = -10. Give b(z).
5
Let d(p) = -20*p - 13. Let z(o) = -41*o - 29. Let m(g) = 9*d(g) - 4*z(g). Suppose 7*h - 3 = 4*h. Give m(h).
-17
Let r(v) = 4*v**2 - 2352*v + 3 - 3*v**2 + 2356*v. Let z be (-6)/(-9) + 16/(-6). Determine r(z).
-1
Let i(x) = x**3 - 8*x**2 + 8*x - 10. Let f = -278 - -285. Give i(f).
-3
Let g(o) be the first derivative of 5*o + 24 - 1/2*o**2. Determine g(5).
0
Let x(a) be the second derivative of -a**2 + 1/20*a**5 + 0 + 17*a - 1/6*a**4 + 1/2*a**3. Let u be 1/3 - 45/(-27). Calculate x(u).
4
Suppose -5 = -3*x - 2*t, -6 = -5*x - 0*t - t. Let r(q) = -26*q**3 + q**2. What is r(x)?
-25
Let r = -932 + 940. Let p(f) = f**3 - 5*f**2 - 23*f - 5. Determine p(r).
3
Let c(g) = -g**3 - 7*g**2 + 2*g + 10. Let v be c(-7). Let x be v/8*-3*2. Let a be ((-1)/5)/(x/(-15)). Let s(q) = -6*q**3 + q**2 + q - 1. What is s(a)?
-5
Let i be 8/(80/(-66)) - 2/5. Let s(g) = 16*g + 36. Let j(d) = -3*d - 7. Let a(w) = -11*j(w) - 2*s(w). What is a(i)?
-2
Suppose 35*i = -33*i + 27*i. Let u(x) = -x**2 - 13. What is u(i)?
-13
Let c = -14 + 18. Suppose -c = a + 2. Let b(g) = g**2 + 1. Let j(v) = -4*v**2 - 7*v - 9. Let o(s) = -3*b(s) - j(s). Give o(a).
0
Let y be -1 - 14/(-18) - (-1245)/135. Suppose -3*b + 15 = 0, 0 = n + 2*b - y - 1. Let l(m) = -m**3 - m**2. Give l(n).
0
Let l(i) = 3*i + 15. Let x be l(-7). Let v(h) = h**3 + 7*h**2 + 5*h + 6. Calculate v(x